*3 - 3*w**2 - w - 1. Calculate a(d).
5
Suppose t = p + 14, p - 26 = -3*t - 0*p. Let z(c) = c**2 - 7*c - 39. Let g be z(t). Let x(i) = i + 8. Give x(g).
-1
Let w(c) = 25*c - 1. Let p(m) = -9*m + 1. Let b(l) = -11*p(l) - 4*w(l). Calculate b(-8).
1
Suppose 0 = h - 0*h - 1. Suppose j = -0*j + h. Let q = 5 - j. Let p(x) = x - 6. Give p(q).
-2
Let b(h) = -h**2 - 13*h + 6. Suppose 0 = 16*s + 20*s + 468. Give b(s).
6
Let c(u) be the first derivative of u**4/4 - u**3 - 5*u + 19. Determine c(4).
11
Let x = -153 + 149. Let i(j) = -j**2 - j - 2. What is i(x)?
-14
Let f(w) = -26*w - 4. Let z(h) = 28*h + 5. Let q(a) = 6*f(a) + 5*z(a). What is q(-2)?
33
Let a(v) = -40 - 4*v + 153*v**2 - 154*v**2 + 25 + 22. Let n be (-18)/4*(-8)/(-6). Calculate a(n).
-5
Let m(t) = -2*t - 6 + 0*t + 4 + 10. Give m(5).
-2
Let n be 15/((-90)/(-12)) - (8 + 0). Let v(y) = y. What is v(n)?
-6
Let v(t) = -t - 9. Let x be (18/(-54))/((-1)/(-24)). Determine v(x).
-1
Let l(a) = a**3 - 3*a**2 + a + 2. Suppose 95 = 5*n - 5*p, 5*p - 8 = -n + 5. Let t = 16 - n. Let m be t/((-12)/(-9) + -2). Calculate l(m).
5
Let y = 54 - 46. Let r(t) = -2*t**2 - 3*t - 4. Let a(z) = z**2 - z + 1. Let j(k) = 3*a(k) + r(k). What is j(y)?
15
Let z(k) = 1 + 186*k - 7 + k**2 - 184*k. Determine z(2).
2
Suppose 0 = 4*t + b + 42, 4*b = -4*t + 5*b - 46. Let c(j) = j**2 + 13*j + 15. What is c(t)?
-7
Suppose -3*b = 2*b + 10. Let a be (-2 - (-3 - -2)) + 3. Let i(l) = 3*l**2 + 0*l + l + a - 7 + 3. Determine i(b).
8
Let a(y) = 59*y**3 + 20*y**2 - 3*y - 14. Let c(v) = 13*v**2 + v + 3 - 20*v**2 + 2 - 20*v**3. Let j(h) = -6*a(h) - 17*c(h). Calculate j(1).
-15
Let i(k) be the second derivative of -k**3/6 + 5*k**2/2 + 87*k. What is i(9)?
-4
Let r(y) = -y - 2. Let u(j) = -14*j - 3. Let h(g) = 3*r(g) - u(g). What is h(4)?
41
Suppose h = 2*z - 7, -3*h + 2 = -3*z + 17. Let k(s) = -3*s**2 - 5*s - 4. Calculate k(h).
-16
Let z(a) = 5 - 6*a**2 - 3*a + a**2 - 3 - 8 + 4*a**3 - 3*a**3. Calculate z(6).
12
Let o(v) = -v**2 - 6*v + 4. Let r(l) = l**2 + 3*l - 4. Let x(s) = 5*o(s) + 6*r(s). Give x(12).
-4
Suppose -6*u - 45*u = 459. Let v(n) = -11*n - 3*n**2 + 2*n**2 + 9 + 3*n. What is v(u)?
0
Let a(y) = -y**2 - 8*y - 8. Let b = 92 + -80. Suppose 16*r + 28 = b*r. Give a(r).
-1
Let f(p) = -5*p**3 - 15*p**2 + 5*p. Let q(h) = -2*h**3 - 7*h**2 + 2*h. Let s(k) = -3*f(k) + 7*q(k). Suppose 0 = -199*o + 231*o - 128. Determine s(o).
-4
Let l(g) = 5 + g**3 + 19*g + 6*g + 4*g**2 + 6*g**2 - 20*g + 5*g. Suppose -4 = -5*y - 49. Determine l(y).
-4
Let t(a) = 9*a**2 - a. Let d = 74 + -69. Suppose -2*v + o - d = 0, 3*o = -5*v + 2 + 2. Give t(v).
10
Let z(t) be the third derivative of -t**4/24 + t**3/6 + 6*t**2 + 8. Suppose -2*f + 12 + 0 = 0. Give z(f).
-5
Let n = 13 + -13. Let f(x) = -3 + 3*x - 4*x**3 + n*x - 2*x**2 - 3*x**2 + 5*x**3. Give f(4).
-7
Suppose -65 = 4*j + j - 3*o, 2*j - 5*o = -45. Let i(q) = 2*q. Let s(y) = -3*y + 5. Let a(l) = 6*i(l) + 3*s(l). Determine a(j).
-15
Let h(o) = -o**2 - 2*o - 2. Suppose 15 = -4*v + 7*v. Suppose -4 = -2*d + v*g, 0*d + 5*g = -3*d - 19. What is h(d)?
-5
Suppose -4*j - 2*k + 10 = -3*k, 0 = k + 2. Let l be 0*j*5/(-40). Let d(a) = -a**2 - 3. Give d(l).
-3
Let z = -3 - -5. Let p(f) = 2*f - 1. Let o be p(z). Let j = -4 + o. Let y(k) = -11*k. Calculate y(j).
11
Let g(i) = i**3 + 6*i**2 - 2*i**3 + 1 - 9*i**2 - i. Let y be g(-4). Suppose s - 5*s - 18 = 2*k, 2*s + 5*k = -y. Let j(m) = -m**2 - 2*m. Calculate j(s).
-3
Suppose -3*j + 2 = -1. Let b(t) = -t**3 + 3*t**2 - 7*t + 47. Let y be b(4). Let n(f) = f**y + j + 4*f**2 - 2 + f + f. What is n(-3)?
2
Let w(o) = o**2 - 4*o + 14. Let s(h) = h**2 - h + 2. Let g(q) = -5*s(q) + w(q). Give g(-2).
-14
Let s(k) = -k**2 + 5*k - 4. Let g be s(3). Suppose -g*t = t, -3*l = t - 12. Let j(r) = r**3 - 2*r**2 - 4*r + 2. What is j(l)?
18
Let v(z) = -z - 4. Let q = 45 + -41. Suppose -q*s = -s - 9. Give v(s).
-7
Let o(n) = -n**2 - n - 3. Let w(s) be the second derivative of -s**4/12 - s**3/3 - 2*s**2 - 3*s. Let x(h) = 5*o(h) - 4*w(h). Give x(3).
1
Let c(q) = q**2 - 2*q + 4. Suppose 5*g = 23 + 2. Let s = 8 - g. Calculate c(s).
7
Let r(v) = -v**2 + 1. Let j(t) = 5*t**2 - 5*t - 8. Let k(w) = -2*j(w) - 14*r(w). Calculate k(-3).
8
Let h(m) = m**3 + m. Let t be ((-1)/(-4))/((-7 + -1)/(-32)). Let a(z) = -2*z**3 + 5*z**2 + 2. Let j = 1 + 2. Let d(b) = j*h(b) + t*a(b). Calculate d(-2).
8
Let b(y) = 2*y**2 + 19*y - 7. Let p(n) = n**2 + 9*n - 4. Let s be 2/(21/15 + -1). Let g(c) = s*p(c) - 2*b(c). Calculate g(-8).
2
Let a(h) be the third derivative of h**5/60 - h**4/12 - h**3/3 + 8*h**2. Let g(s) be the first derivative of a(s). Let d be ((-4)/6)/(1/(-3)). Give g(d).
2
Let c(l) be the third derivative of -l**5/60 - l**4/12 - l**3/3 + 26*l**2 - 6*l. What is c(-4)?
-10
Let i(d) be the first derivative of 5*d**2/2 + d - 85. Determine i(1).
6
Suppose 90*k = 85*k - 20. Let i(g) = g**3 + 4*g**2 - g - 3. Determine i(k).
1
Let b be 64/(-6) + 8/(-6) + 1. Let y(w) = -w**3 - 11*w**2 + 2*w + 16. Give y(b).
-6
Let v(d) = -d - 9. Let y = 1083 - 1083. Calculate v(y).
-9
Suppose -11 = -5*t - 1. Let q(b) = -9*b + 5*b**t + 4*b - 4*b**2 + 1 + 7*b - 8*b**3. Determine q(-1).
8
Let u be (-4)/14 - 576/(-56). Let v = -5 + u. Suppose 14 = v*z - 6. Let y(j) = j**2 - 5*j + 2. What is y(z)?
-2
Let g(z) = z**3 + z**2 - z. Suppose 15 = -3*w + l - 0*l, 0 = -2*w + 4*l - 20. Let k be (w/30*-3)/((-12)/60). What is g(k)?
-2
Let b(h) be the first derivative of h**3/3 + 5*h**2/2 + 3*h - 5. Suppose 3*n - 1 = -i + 10, 0 = 3*n + 4*i - 8. Suppose n*d - 4 + 16 = 0. Determine b(d).
-3
Let g(v) = -12*v**3 - 4*v. Let l(s) = -21*s**3 - 7*s. Let r(b) = 5*g(b) - 3*l(b). Give r(-2).
-26
Let f be 11 - (0 - (1 + -2)). Suppose o + 7 = f. Let v(h) = -h**2 + h. What is v(o)?
-6
Let p(z) = z + 2. Suppose -5*b - 5*r - 10 = 0, -9 + 23 = -b - 4*r. Suppose -b*w - 3*g = -g - 24, -3 = -4*w + 5*g. Determine p(w).
9
Let a(m) = 4*m**2 + 1 - 2*m + 0*m - 2*m**2. Suppose -10 = 3*i - 4*i. Suppose -d = 4*d - i. Determine a(d).
5
Let k(o) = -o - o**2 + 0 - 2 + 0*o**2. Let u(l) = l**3 + 12*l**2 - 14*l - 4. Let t be u(-13). Let f be 3/t - 0 - 26/6. Determine k(f).
-14
Let t(r) = 4*r**2 + 5*r - 10. Let p(k) = -2141*k - 7 + 19 - 2*k**2 + 2137*k - 3*k**2. Let i(q) = -5*p(q) - 6*t(q). Calculate i(7).
-21
Let g(m) be the second derivative of -m**3/6 + 3*m**2 - 398*m. Let x = 3 + 2. Give g(x).
1
Let p(g) be the second derivative of 0 + 1/12*g**4 + g**3 - 1/2*g**2 + 30*g. Calculate p(-5).
-6
Let b be 6*3/6 + 1. Let p(i) = i**2 + 2*i - 5. Let s(r) = -2*r**2 - 3*r + 10. Let k(w) = b*s(w) + 9*p(w). Let u(j) = -j. Let y be u(6). Give k(y).
-5
Let h(t) = -4*t**3 - 2. Let s = 137 + -135. Determine h(s).
-34
Let g(s) be the third derivative of s**6/60 + s**5/2 + s**4/24 + 2*s**3 + 322*s**2. Give g(-15).
-3
Suppose g + 3*g = 2*g. Suppose -5*f + f + 3*b - 8 = 0, g = -3*f + 4*b - 13. Let r(l) = -7*l**3 - l**2 - l + 1. What is r(f)?
-8
Let n(k) = -18 + 21*k**2 - 43*k**2 + 21*k**2 - 14*k. Give n(-15).
-33
Let d = 13 - 11. Let r(z) = 5*z**2 + z**3 - 3 + 2*z - 2*z**3 - 2*z**2 + 0*z. Calculate r(d).
5
Let i(d) = -4*d**2 - 70 - 54 + 5*d**2 + 136 - 12*d. Calculate i(9).
-15
Let g(d) be the third derivative of -d**4/24 + d**3 - 75*d**2 + 1. Determine g(-4).
10
Let q(d) = -d**3 + 14*d**2 - 14*d + 5. Let z be (39/21)/(40/280). Give q(z).
-8
Let q(r) = 3*r**3 - r**2 + 1. Let b(l) = -l**3. Let k(z) = 3*b(z) - q(z). Let d(v) = -v**2 + 8*v + 9. Let t be d(9). Let g be (1 + t/3)*1. Calculate k(g).
-6
Let h(i) = 22*i**2 + 1. Let l(a) = -7*a - 43. Let m(z) = 4*z + 21. Let u(p) = -3*l(p) - 5*m(p). Let g be u(-23). Calculate h(g).
23
Let a be (17*(-9)/(-306))/((-1)/22). Let w(i) = i**2 + 10*i + 2. Give w(a).
13
Let q(a) = -121 + 13*a - a**2 + 236 - 117. What is q(13)?
-2
Suppose z + 3 = -3*w, -5*w + 12 = -2*z + 39. Let g(d) = 11*d + 22. Let q(o) = 5*o + 11. Let l(m) = 6*g(m) - 13*q(m). Give l(z).
-5
Let d be (2 + -1)/(1/(-4)). Let g(o) = o + 4*o - 5 + 0*o + 12*o**2 - 11*o**2 - 2*o. Determine g(d).
-1
Let q(w) = -15*w - 1. Let o be q(-1). Suppose 13*u = o*u. Let v(d) = -d - 7. Determine v(u).
-7
Suppose 5*z = 26 - 6, -2*b - 3*z + 14 = 0. Let a(o) = -4 - b + 6*o - 5*o. Suppose -19 = -5*v - 4. Give a(v).
-2
Let u be (81/36)/((-6)/(-16)). Let n(p) = -4*p**3 + 2*p - 5*p**2 + 4*p**2 + 4 + 3*p**3 + 7*p**2. What is n(u)